is the tens digit of r(-7)?
6
What is the hundreds digit of (203 - -3) + 4 - (4 - 5)?
2
Suppose 0 = -2*j - 11*j + 17888. What is the units digit of j?
6
Suppose 10*t - 11*t = -18. What is the units digit of (t/(-36))/(1/(-10))?
5
What is the units digit of 20122/20 + 5/(-50)?
6
Suppose 167*k + 45408 = 189*k. What is the units digit of k?
4
What is the units digit of (-10 - (-9 + -489))/1?
8
Suppose 11*u = 5*l + 16*u - 3610, -2*u - 2166 = -3*l. What is the units digit of l?
2
Suppose -f = 2*s + 16 + 44, -4*s = -f + 108. Let o = 59 + s. What is the units digit of o?
1
Suppose v - 2*v + 874 = -3*q, 3*v - 2611 = -2*q. What is the tens digit of v?
7
Suppose 2056 = 3*p + 2*x - 2960, 0 = -2*p - 2*x + 3344. What is the units digit of p?
2
Let s(v) = -v + 2. Let l(u) = -3*u**2 + 2*u**2 + u**3 + 0*u**2 - 3*u**2. Let h be l(4). What is the units digit of s(h)?
2
Let y(p) = 72*p + 7. Let h be 150/(-54) - -6 - 4/18. What is the tens digit of y(h)?
2
Let g be (-39)/(-1)*(74/3)/2. Suppose -3*c = 5*f - g, 5*f - 383 = f - 3*c. What is the units digit of f?
8
Let q = -63 + 115. Let f = q - 8. What is the tens digit of f?
4
Let q(z) = 19*z - 1. Suppose 4*l = -2*v, -3*l + l - 5*v - 8 = 0. Suppose -2*a - l = -5*y - 3*a, -y - 2*a = 7. What is the tens digit of q(y)?
1
Suppose 0 = 2*r - 12 + 6. Suppose -4*i + r*w = -2*w - 196, 5*w = -4*i + 236. What is the tens digit of i?
5
Let w(j) = 12*j**2 - 6*j + 2. Suppose -b - h + 7 = 0, -18 = -3*b - h - 5. What is the units digit of w(b)?
2
Suppose -p = 9 - 4, 41 = t - 4*p. Let w be (1*2)/(4/(-26)). Let h = t + w. What is the units digit of h?
8
Let j be 4/14 + (-99)/(-21). Suppose 14 = -j*s + w, -5*w = -2*s - 8 - 16. Let f(r) = -8*r - 5. What is the units digit of f(s)?
1
Let s(i) = -i**3 + 4*i**2 - i - 1. Let j be s(3). Suppose 0 = -0*a - j*a - 5*v + 265, -5*a + v = -277. Suppose a = 4*b - 49. What is the units digit of b?
6
Suppose -c - 1 = -0, -5*z = -4*c - 7889. What is the hundreds digit of z?
5
Let f be (-1)/(108/56 - 2). Suppose 0 = -4*u + 494 - f. What is the units digit of u?
0
What is the hundreds digit of ((-174)/(-10))/(8 - 439/55)?
9
Suppose 5*f = 16 - 101. Let n = f - -20. Suppose 4*j - 8 = -o + 16, -n*o + j = -72. What is the units digit of o?
4
Let s(x) = -x**3 + 14*x**2 + 16*x - 15. Let q be s(15). Suppose 5*b - b + n - 236 = 0, q = -4*b - 5*n + 236. What is the units digit of b?
9
What is the units digit of 287 + -8 + (-2 - -6)?
3
Suppose 7*y + 559 = -421. Let p = -73 - y. What is the units digit of p?
7
Let a be (-133 + -9)/(5/(-1))*5. What is the units digit of a/2 - -3*5/(-15)?
0
Let z(y) = -2*y + 18. Let f be z(8). Let i be (-7278)/(-90) + f/15. Suppose -l - 2*u + 0*u + 31 = 0, 3*l = -2*u + i. What is the units digit of l?
5
Let r(c) = c**3 - 9*c**2 + 8. Let y be r(-6). What is the tens digit of (36/(-42))/((-2)/y*-2)?
1
Let q(z) = 25*z + 131. What is the hundreds digit of q(21)?
6
Let h(v) = -v**2 - 15*v - 13. Let y be ((-10)/(-3))/(5/(-15)). What is the units digit of h(y)?
7
Suppose 0 = -5*w + 5*n + 2905, -2*w + 3*n + 1158 = -0*w. What is the tens digit of w?
8
Suppose -5*o + 3*l = -7, -2*o - 4*l = -3*o + 15. What is the hundreds digit of o/(-1 - -2)*-100?
1
What is the hundreds digit of (-446)/(-1)*14/(-140)*-15?
6
Suppose 42*w - 8265 = 2697. What is the tens digit of w?
6
Suppose 0 = -3*a + n + 442, 0 = -5*a + 2*n + 437 + 300. Let s = a - 19. What is the hundreds digit of s?
1
What is the hundreds digit of (597 + 2)/((-7)/(-7))?
5
Let y(j) = 4*j**2 - 11*j - 73. What is the units digit of y(-12)?
5
Let v be -10*((-48)/(-20))/(-6). Suppose 24 = 4*c + v*c. What is the units digit of c?
3
Suppose r = 17 + 1. What is the tens digit of r/(-12)*(-332)/6?
8
Let a(l) = -4*l**3 + 2*l**2 + 5*l + 1. Let z be a(-3). Let c = -66 + z. What is the units digit of 196/6 - c/69?
2
Let n(f) = -44*f + 38. Let u be n(-9). Let r = u + -205. What is the units digit of r?
9
Let s = 20 - 13. Let r(a) = 16*a**2 - a**3 - s*a**2 + 8 - 4. What is the units digit of r(9)?
4
Let d = -64 + -44. Let a = -69 - d. What is the units digit of a?
9
Suppose -5158 = 3*q - 5*j, -2*q + 2*j = -3*q - 1734. Let c = 907 + q. What is the units digit of (-3)/(-2) - c/18?
7
Suppose -2*b + 6*b = 5*w - 28646, 3*w = -2*b + 17170. What is the thousands digit of w?
5
Suppose 5 = -3*x + 8*x + j, 2*x + 20 = 4*j. Suppose v = 2*m, 2*v + 0*v - 5*m + 3 = 0. Suppose -v*t + x*t + 24 = 0. What is the units digit of t?
4
Let m(t) = 2*t**3 - 13*t - 30*t**2 - 2 + 25*t**2 - t**3 + 5*t. Let d be m(8). Suppose -7*r = -2*r + 2*i - d, i - 76 = -3*r. What is the units digit of r?
6
Let i(r) = -r**3 + 4*r**2 - 3*r + 2. Let s be i(3). What is the tens digit of (517/(-33))/(s/(-6))?
4
Let j(h) = h**3 + 5*h**2 + 2*h. What is the hundreds digit of j(6)?
4
Suppose -7*h + 350 = -2*h. What is the units digit of (84/h)/(2/25)?
5
Let d(m) = 4*m**3 + m**2 - 2*m + 1156. What is the units digit of d(0)?
6
Suppose 0*r - 48 = -4*r. Suppose 5*i + 4*j + 122 = 0, r = -j - 3*j. Let p = 39 + i. What is the units digit of p?
7
Let g(n) = n**3 + 4*n**2 - 4*n + 5. Let d be g(-5). Suppose 2*p - 102 = -d*p - 2*t, -5*t = -4*p + 186. What is the tens digit of p?
4
Suppose -45 = -5*d + 4*h, -d - h = d - 5. Suppose 2*r + 13 = d. Let v(l) = -3*l - 4. What is the units digit of v(r)?
8
Let k = 6 + -1. Suppose k*r - 16 = -d, 5*r + 0*d + 5*d = 0. Suppose -4*c + 90 = -r*t + 9*t, 6 = 3*t. What is the tens digit of c?
2
Suppose -5*c = -4*t - 19 - 6, -3*t - 10 = -2*c. Suppose 10*m = c*m + 55. Let z = m + -6. What is the units digit of z?
5
Let b = -27 + 159. What is the hundreds digit of b?
1
Suppose -5*r + 1329 = -891. What is the tens digit of r?
4
Suppose -2 = -2*t + 54. Suppose -d - t = -2*d. What is the tens digit of d?
2
Suppose 2*r + 6*m - m - 742 = 0, 3*m = -r + 372. What is the units digit of r?
6
What is the tens digit of (-24066)/(-51) - 10/(-255)*3?
7
Let x(v) = v - 5. Let d be x(14). Let m = 12 + -6. Suppose d*p - m*p = 60. What is the tens digit of p?
2
Let z = 14 - 12. Suppose z = 3*y - 2*y. Suppose 3*x = y*l + 5*x - 56, -2*l + 47 = 5*x. What is the tens digit of l?
3
Let j = -1916 - -3130. What is the units digit of j?
4
Suppose 4*a + 3 = -3*v - 3, -3*a - 5*v - 10 = 0. Suppose r - o - 2*o = 1, -7 = -3*r + 5*o. Suppose r = -a*t + 2*t. What is the units digit of t?
2
Let f(u) = -u**2 + 6*u - 1. Let o be f(5). Suppose -o = 2*y - w + 2, 4*y - w + 14 = 0. What is the units digit of (-4 - y) + (-1 - -39)?
8
Suppose 75 = 3*r + 9. Suppose l = -5*a + r, -4*a + 4*l + 2 = -6. Suppose -3*x + 107 = -f, -a*f = -3*x - 2*x + 176. What is the tens digit of x?
3
Let j(v) = v**2 - 8*v + 9. Let x be j(6). Let g be (5/x)/((-2)/6). Suppose s - 5*l + 18 = 3*s, g*s + 2*l - 66 = 0. What is the tens digit of s?
1
Suppose 184*l + 11711 = 191*l. What is the thousands digit of l?
1
Let c = 12 + -6. Suppose 0*u = -u - 2, 3*u + c = s. Suppose s = -2*y + 4*y - 2, -3*j + 151 = 4*y. What is the units digit of j?
9
Suppose 5*t = 3*f - 8*f - 24750, 0 = -f + 2*t - 4950. What is the units digit of ((-2)/5)/(5/f*3)?
2
Let g = -13 - -16. Let h be (g + 52/(-8))*-2. Suppose -3*k + 185 = 4*x, h*k = 3*k - 4*x + 244. What is the units digit of k?
9
Let i be (-2)/(-5) + (583/5 - -5). Suppose -i = -5*t + 63. What is the tens digit of t?
3
Suppose -10*n - 973 = -2*p - 9*n, p - 5*n = 500. What is the units digit of p?
5
Suppose 28*t - 25300 = 5*t. What is the thousands digit of t?
1
Let r = -388 - -227. Let t = r - -270. Suppose 2*n = z + 37, 5*n - t = -4*z + 16. What is the units digit of n?
1
Let f(q) = 2*q + 1. Let t be f(1). Suppose -t*o - 7 = -19. What is the units digit of o - (-3)/(9/174)?
2
Let v = 10 - 10. Suppose 5*g - 209 - 186 = v. What is the tens digit of g?
7
What is the tens digit of (-81*12/18)/((-6)/81)?
2
Let c(x) = 200*x**2 + x. Let b = -31 - -30. What is the units digit of c(b)?
9
Suppose 0 = 5*h + 5*m - 21 - 29, 0 = -5*h + 4*m + 77. Let o = -22 + 27. Suppose h - 148 = -o*z. What is the tens digit of z?
2
Suppose 3*u - 5 - 1 = 0. Let n be (-3)/(188/(-88) + u). Suppose -d + n - 7 = 0. What is the units digit of d?
5
Let c(d) = d**3 + d**2 - d + 110. Let k be c(0). Let o = -53 + k. What is the units digit of o?
7
Suppose -2*w + 2*q = 4*q - 8, -3*w + q = -16. Suppose 0 = -w*v + 8*v - 9. What is the tens digit of (-